{"id":21,"date":"2026-07-21T12:32:38","date_gmt":"2026-07-21T12:32:38","guid":{"rendered":"https:\/\/www.iconostalla.org\/?page_id=21"},"modified":"2026-08-15T11:51:51","modified_gmt":"2026-08-15T11:51:51","slug":"conferences-proceedings","status":"publish","type":"page","link":"https:\/\/www.iconostalla.org\/fr\/conferences-proceedings\/","title":{"rendered":"Colloques"},"content":{"rendered":"<div class=\"wp-block-columns alignwide is-layout-flex wp-container-core-columns-is-layout-794e3cfa wp-block-columns-is-layout-flex\">\n<div class=\"wp-block-column is-layout-flow wp-block-column-is-layout-flow\">\n<p class=\"wp-block-paragraph\">ICONOstalla rassemble des chercheurs, des professionnels du patrimoine et des passionn\u00e9s lors de colloques internationaux.<br><br>Ces r\u00e9unions offrent l'occasion de pr\u00e9senter de nouvelles recherches, de visiter d'importants ensembles de stalles de ch\u0153ur, d'\u00e9changer des informations et de d\u00e9velopper des collaborations internationales.<\/p>\n\n\n\n<hr class=\"wp-block-separator has-alpha-channel-opacity\"\/>\n\n\n\n<h2 class=\"wp-block-heading has-text-align-center\">Colloque \u00e0 venir<\/h2>\n\n\n\n<p class=\"has-text-align-center wp-block-paragraph\"> Illusion et imitation dans les stalles de ch\u0153ur europ\u00e9ennes<br>Fondation MIA, Bergame (Italie)<br>21-23 mai 2027 <\/p>\n\n\n\n<p class=\"has-text-align-center wp-block-paragraph\"><strong><a href=\"https:\/\/www.iconostalla.org\/wp-content\/uploads\/2026\/08\/CFP-ICONOstalla-colloquium-2027.pdf\" data-type=\"attachment\" data-id=\"173\" target=\"_blank\" rel=\"noreferrer noopener\">Appel \u00e0 contributions<\/a><\/strong><br><\/p>\n<\/div>\n\n\n\n<div class=\"wp-block-column is-layout-flow wp-block-column-is-layout-flow\">\n<figure class=\"wp-block-image aligncenter size-large is-style-rounded has-text-align-center\"><img loading=\"lazy\" decoding=\"async\" width=\"768\" height=\"1024\" src=\"http:\/\/www.iconostalla.org\/wp-content\/uploads\/2026\/07\/img-3974-768x1024.webp\" alt=\"Carved choir-stall panel from the Abbey of Saint-Lucien in Beauvais, now in the Mus\u00e9e de Cluny in Paris, France\" class=\"wp-image-92\" srcset=\"https:\/\/www.iconostalla.org\/wp-content\/uploads\/2026\/07\/img-3974-768x1024.webp 768w, https:\/\/www.iconostalla.org\/wp-content\/uploads\/2026\/07\/img-3974-225x300.webp 225w, https:\/\/www.iconostalla.org\/wp-content\/uploads\/2026\/07\/img-3974-1152x1536.webp 1152w, https:\/\/www.iconostalla.org\/wp-content\/uploads\/2026\/07\/img-3974.webp 1440w\" sizes=\"auto, (max-width: 768px) 100vw, 768px\" \/><figcaption class=\"wp-element-caption\">Panneau de stalle provenant de l\u2019abbaye Saint-Lucien de Beauvais \u2014 Mus\u00e9e de Cluny, Paris, France, 1492\u20131507<\/figcaption><\/figure>\n<\/div>\n<\/div>\n\n\n\n<div class=\"wp-block-columns alignwide is-layout-flex wp-container-core-columns-is-layout-794e3cfa wp-block-columns-is-layout-flex\">\n<div class=\"wp-block-column is-vertically-aligned-center is-layout-flow wp-block-column-is-layout-flow\">\n<h2 class=\"wp-block-heading has-text-align-left\">Colleques pr\u00e9c\u00e9dentes<\/h2>\n\n\n\n<ul class=\"wp-block-list\">\n<li><strong>16e Colloque \u2013 Louvain (Belgique) \u2013 2025<\/strong><br><strong><em>Mettre en couleur le ch\u0153ur. La polychromie sur le mobilier d'\u00e9glise de la fin du Moyen \u00c2ge et de la Renaissance<\/em><\/strong><\/li>\n\n\n\n<li><strong>15e Colloque \u2013 Vend\u00f4me (France) \u2013 2023<\/strong><br><strong><em>Cr\u00e9ation \/ Re-cr\u00e9ation. La part d\u2019h\u00e9ritage et de modernit\u00e9 dans les stalles m\u00e9di\u00e9vales<\/em><\/strong><\/li>\n\n\n\n<li><strong>14th Colloquium \u2013 Amiens (France) \u2013 \u00a02021 (online)<\/strong><br><strong><em>Les stalles de la cath\u00e9drale d\u2019Amiens\u00a0: 500 Ans<\/em><\/strong><\/li>\n\n\n\n<li><strong>13e Colloque \u2013 Rijeka (Croatie) \u2013 2018<\/strong><br><strong><em>Commanditaires et stalles au Moyen \u00c2ge<\/em><\/strong><\/li>\n\n\n\n<li><strong>12e Colloque \u2013 Greifswald (Allemagne) \u2013 2016<\/strong><br><strong><em>Les stalles de ch\u0153ur et leurs ateliers<\/em><\/strong><\/li>\n\n\n\n<li><strong>11e Colloque \u2013 Le\u00f3n (Espagne) \u2013 2014<\/strong><br><strong><em>Les stalles de ch\u0153ur dans l'architecture et l'architecture dans les stalles de ch\u0153ur<\/em><\/strong><\/li>\n\n\n\n<li><strong>10e Colloque \u2013 Gda\u0144sk (Pologne) \u2013 2012<\/strong><br><strong><em>Cr\u00e9ation, R\u00e9cr\u00e9ation. Restauration et cr\u00e9ation de stalles de ch\u0153ur aux XIXe et XXe si\u00e8cles<\/em><\/strong><\/li>\n\n\n\n<li><strong>9e Colloque \u2013 Nijmegen (Pays-Bas) \u2013 2010<\/strong><br><strong><em>Sagesse populaire sur les stalles de ch\u0153ur<\/em><\/strong><\/li>\n\n\n\n<li><strong>8e Colloque \u2013 Paris (France) \u2013 2008<br><em>Musique de charivari dans les stalles m\u00e9di\u00e9vales<\/em><\/strong><\/li>\n\n\n\n<li><strong>7e Colloque \u2013 B\u00e2le (Suisse) \u2013 2006<br><em>La Nature : rythme et danse des saisons dans les stalles m\u00e9di\u00e9vales<\/em><\/strong><\/li>\n\n\n\n<li><strong>6e Colloque \u2013 Sheffield (Royaume-Uni) \u2013 2003<br><em>Images profanes dans les arts marginaux du Moyen \u00c2ge<\/em><\/strong><\/li>\n\n\n\n<li><strong>5e Colloque \u2013 Angers (France) \u2013 2002<\/strong><br><em><strong>Bible en bois du Moyen \u00c2ge<\/strong><\/em><\/li>\n\n\n\n<li><strong>4e Colloque \u2013 Amiens (France) - 1999<br><em>Autour des stalles de Picardie et Normandie &#8211; Traditions iconographiques au Moyen \u00c2ge<\/em><\/strong><\/li>\n\n\n\n<li><strong>3e Colloque \u2013 Barcelone (Espagne) \u2013 1997<\/strong><\/li>\n\n\n\n<li><strong>2e Colloque \u2013 Cologne (Allemagne) \u2013 1995<\/strong><\/li>\n\n\n\n<li><strong>1er Colloque \u2013 Paris et la r\u00e9gion de l'Oise (France) \u2013 1993<\/strong><\/li>\n<\/ul>\n<\/div>\n<\/div>","protected":false},"excerpt":{"rendered":"<p>ICONOstalla brings together scholars, heritage professionals and enthusiasts through international conferences. These meetings provide opportunities to present new research, visit important choir stall ensembles, exchange information and develop international collaborations. Upcoming conference Illusion and Imitation in European Choir StallsFondazione MIA, Bergamo (Italy)21-23 May 2027 Call for Papers Previous conferences<\/p>","protected":false},"author":1,"featured_media":0,"parent":0,"menu_order":0,"comment_status":"closed","ping_status":"closed","template":"","meta":{"footnotes":""},"class_list":["post-21","page","type-page","status-publish","hentry"],"_links":{"self":[{"href":"https:\/\/www.iconostalla.org\/fr\/wp-json\/wp\/v2\/pages\/21","targetHints":{"allow":["GET"]}}],"collection":[{"href":"https:\/\/www.iconostalla.org\/fr\/wp-json\/wp\/v2\/pages"}],"about":[{"href":"https:\/\/www.iconostalla.org\/fr\/wp-json\/wp\/v2\/types\/page"}],"author":[{"embeddable":true,"href":"https:\/\/www.iconostalla.org\/fr\/wp-json\/wp\/v2\/users\/1"}],"replies":[{"embeddable":true,"href":"https:\/\/www.iconostalla.org\/fr\/wp-json\/wp\/v2\/comments?post=21"}],"version-history":[{"count":17,"href":"https:\/\/www.iconostalla.org\/fr\/wp-json\/wp\/v2\/pages\/21\/revisions"}],"predecessor-version":[{"id":239,"href":"https:\/\/www.iconostalla.org\/fr\/wp-json\/wp\/v2\/pages\/21\/revisions\/239"}],"wp:attachment":[{"href":"https:\/\/www.iconostalla.org\/fr\/wp-json\/wp\/v2\/media?parent=21"}],"curies":[{"name":"wp","href":"https:\/\/api.w.org\/{rel}","templated":true}]}}

<div class="wp-block-columns alignwide is-layout-flex wp-container-core-columns-is-layout-794e3cfa wp-block-columns-is-layout-flex">
<div class="wp-block-column is-layout-flow wp-block-column-is-layout-flow">
<p class="wp-block-paragraph">ICONOstalla rassemble des chercheurs, des professionnels du patrimoine et des passionnés lors de colloques internationaux.<br><br>Ces réunions offrent l'occasion de présenter de nouvelles recherches, de visiter d'importants ensembles de stalles de chœur, d'échanger des informations et de développer des collaborations internationales.</p>



<hr class="wp-block-separator has-alpha-channel-opacity"/>



<h2 class="wp-block-heading has-text-align-center">Colloque à venir</h2>



<p class="has-text-align-center wp-block-paragraph"> Illusion et imitation dans les stalles de chœur européennes<br>Fondation MIA, Bergame (Italie)<br>21-23 mai 2027 </p>



<p class="has-text-align-center wp-block-paragraph"><strong><a href="https://www.iconostalla.org/wp-content/uploads/2026/08/CFP-ICONOstalla-colloquium-2027.pdf" data-type="attachment" data-id="173" target="_blank" rel="noreferrer noopener">Appel à contributions</a></strong><br></p>
</div>



<div class="wp-block-column is-layout-flow wp-block-column-is-layout-flow">
<figure class="wp-block-image aligncenter size-large is-style-rounded has-text-align-center"><img loading="lazy" decoding="async" width="768" height="1024" src="http://www.iconostalla.org/wp-content/uploads/2026/07/img-3974-768x1024.webp" alt="Carved choir-stall panel from the Abbey of Saint-Lucien in Beauvais, now in the Musée de Cluny in Paris, France" class="wp-image-92" srcset="https://www.iconostalla.org/wp-content/uploads/2026/07/img-3974-768x1024.webp 768w, https://www.iconostalla.org/wp-content/uploads/2026/07/img-3974-225x300.webp 225w, https://www.iconostalla.org/wp-content/uploads/2026/07/img-3974-1152x1536.webp 1152w, https://www.iconostalla.org/wp-content/uploads/2026/07/img-3974.webp 1440w" sizes="auto, (max-width: 768px) 100vw, 768px" /><figcaption class="wp-element-caption">Panneau de stalle provenant de l’abbaye Saint-Lucien de Beauvais — Musée de Cluny, Paris, France, 1492–1507</figcaption></figure>
</div>
</div>



<div class="wp-block-columns alignwide is-layout-flex wp-container-core-columns-is-layout-794e3cfa wp-block-columns-is-layout-flex">
<div class="wp-block-column is-vertically-aligned-center is-layout-flow wp-block-column-is-layout-flow">
<h2 class="wp-block-heading has-text-align-left">Colleques précédentes</h2>



<ul class="wp-block-list">
<li><strong>16e Colloque – Louvain (Belgique) – 2025</strong><br><strong><em>Mettre en couleur le chœur. La polychromie sur le mobilier d'église de la fin du Moyen Âge et de la Renaissance</em></strong></li>



<li><strong>15e Colloque – Vendôme (France) – 2023</strong><br><strong><em>Création / Re-création. La part d’héritage et de modernité dans les stalles médiévales</em></strong></li>



<li><strong>14th Colloquium – Amiens (France) –  2021 (online)</strong><br><strong><em>Les stalles de la cathédrale d’Amiens : 500 Ans</em></strong></li>



<li><strong>13e Colloque – Rijeka (Croatie) – 2018</strong><br><strong><em>Commanditaires et stalles au Moyen Âge</em></strong></li>



<li><strong>12e Colloque – Greifswald (Allemagne) – 2016</strong><br><strong><em>Les stalles de chœur et leurs ateliers</em></strong></li>



<li><strong>11e Colloque – León (Espagne) – 2014</strong><br><strong><em>Les stalles de chœur dans l'architecture et l'architecture dans les stalles de chœur</em></strong></li>



<li><strong>10e Colloque – Gdańsk (Pologne) – 2012</strong><br><strong><em>Création, Récréation. Restauration et création de stalles de chœur aux XIXe et XXe siècles</em></strong></li>



<li><strong>9e Colloque – Nijmegen (Pays-Bas) – 2010</strong><br><strong><em>Sagesse populaire sur les stalles de chœur</em></strong></li>



<li><strong>8e Colloque – Paris (France) – 2008<br><em>Musique de charivari dans les stalles médiévales</em></strong></li>



<li><strong>7e Colloque – Bâle (Suisse) – 2006<br><em>La Nature : rythme et danse des saisons dans les stalles médiévales</em></strong></li>



<li><strong>6e Colloque – Sheffield (Royaume-Uni) – 2003<br><em>Images profanes dans les arts marginaux du Moyen Âge</em></strong></li>



<li><strong>5e Colloque – Angers (France) – 2002</strong><br><em><strong>Bible en bois du Moyen Âge</strong></em></li>



<li><strong>4e Colloque – Amiens (France) - 1999<br><em>Autour des stalles de Picardie et Normandie &#8211; Traditions iconographiques au Moyen Âge</em></strong></li>



<li><strong>3e Colloque – Barcelone (Espagne) – 1997</strong></li>



<li><strong>2e Colloque – Cologne (Allemagne) – 1995</strong></li>



<li><strong>1er Colloque – Paris et la région de l'Oise (France) – 1993</strong></li>
</ul>
</div>
</div>
